61*t - 16. Is l(p) composite?
False
Let w = 98 - 95. Suppose 24806 = 5*c - 3*u, w*c + 245 - 15146 = -4*u. Is c a composite number?
True
Let p = 15 + -10. Suppose -p*t + t = 0. Suppose t = -0*l + 3*l - 177. Is l composite?
False
Suppose -1251 = -3*y - 3*g, 5*g - g + 1230 = 3*y. Suppose 0 = -4*k - 1626 - y. Let u = -181 - k. Is u composite?
True
Suppose -3*g + 2*g + 10 = 2*i, 4*i = g + 14. Let h be 0/(g + -4) - -3725. Suppose 2*t + 3*t = h. Is t prime?
False
Suppose 0 = -6*b + 2162 + 4672. Let i = 1948 - b. Is i a prime number?
True
Suppose -3*z + 5*o = -64, -2*z + o + 44 = z. Suppose -4*n + 11 = -z. Is (-5)/(15/n) + 79 a prime number?
False
Is ((-181458)/(-4) - -1)*(-5 + 7) prime?
True
Let z(d) = -d**2 + 10*d - 10. Let m be z(9). Let x = 54 - m. Is x a composite number?
True
Is 18589/5 - 7*(-132)/770 a composite number?
False
Suppose 2*a - 7669 = -5*c, -3584 + 505 = -2*c + 3*a. Is c a composite number?
True
Let a = 599 - 169. Let f = 490 + a. Suppose w - f = 231. Is w a prime number?
True
Suppose -39083 = 17*a - 366622. Is a prime?
True
Let n = 54296 + -38583. Is n a prime number?
False
Let l = 14964 - 10355. Is l a composite number?
True
Let v = 4588 + -2111. Is v composite?
False
Let c = 2261 + 24108. Is c prime?
False
Suppose v = 5*v + 1576. Let c = v + 707. Suppose -10 = o - c. Is o a prime number?
False
Suppose -v + y + 36 = 0, 2*v - 5*y + 99 = 6*v. Suppose -a - v = -w - 1, -5*w = -2*a - 153. Is w composite?
False
Let d(h) = -2*h**3 - 35*h**2 - 6*h**3 - 2*h + 28*h**2 + 9. Is d(-4) a prime number?
False
Suppose 0 = -124*m + 140*m - 262096. Is m a composite number?
False
Let v = -8 - -10. Let g(n) = -13*n**2 + 1 + 22*n**2 + 28*n**v. Is g(-1) a prime number?
False
Let m(f) = 3*f - 30. Let d be m(10). Is (33/(-2) - -5)*(-10 - d) prime?
False
Let g = -1540 - -4173. Is g a prime number?
True
Let z = -30915 - -47146. Is z prime?
True
Let j be (5/(-2))/((-2)/76). Let m = 282 - j. Is m a composite number?
True
Let j(t) = -36*t**3 - 10*t**2 - 2*t + 11. Is j(-8) a prime number?
False
Let a(l) = 39*l + 33889. Is a(0) composite?
False
Is (-1)/4 - 208635/(-56)*2 prime?
True
Suppose -2*k + 3*k - 266 = 0. Suppose -3*v + 8 = -7. Suppose v*c - 1320 = -5*t, -t - c + k = -2*c. Is t a prime number?
False
Suppose -111 = 2*h + 3*v, -4*h + 5*v = -3*h + 23. Let s = 163 - h. Is s composite?
False
Let r = 48515 + -132. Is r composite?
False
Suppose f - 18134 = -4*d + 2384, 0 = -5*d + f + 25643. Is d prime?
False
Suppose 0 = 4*f - 485 + 2441. Let i(x) = 138*x - 2. Let p be i(6). Let j = p + f. Is j prime?
True
Let r(h) = h**3 + h**2 + h + 361. Let t be r(0). Suppose -4*f - 998 = -3*p + 133, -p - 4*f + t = 0. Is p a composite number?
False
Let i = 1851 - -30616. Is i composite?
False
Let p(a) be the first derivative of 2*a**2 - 5*a**2 + 2 + 9*a - 2*a. Is p(-5) a composite number?
False
Let l = -11773 - -16688. Is l a prime number?
False
Is ((-440197)/115)/(4/(-20)) a prime number?
True
Suppose -320602 = -7*p + 740115. Is p a prime number?
True
Let h(k) = 3*k + 27. Let r be h(-8). Suppose -4*g + r*i = -7*g + 429, -3*i = 0. Is g prime?
False
Suppose -9*m = -10*m + 125. Suppose -4*i = -3*y + m, 3*y + 54 = -2*i + 185. Is y a prime number?
True
Let s = 14 - 15. Let v = s - -50. Is v a composite number?
True
Let g(z) = -33*z**3 - 11*z**2 - 20*z + 19. Let f(o) = 22*o**3 + 7*o**2 + 13*o - 12. Let i(q) = 8*f(q) + 5*g(q). Suppose 5*n - 6 - 9 = 0. Is i(n) a prime number?
True
Is 3150933/62 - 1/2 a prime number?
True
Suppose 0 = 88*y - 92*y + 22676. Is y composite?
False
Is (-2)/(-5) + 28/(-70) + 63022 prime?
False
Let p(r) = 12*r + 5. Suppose 0 = 5*v - 16 - 19. Is p(v) a composite number?
False
Let n = -140 + 1756. Suppose 2*d = 702 + n. Is d composite?
True
Let j be (33/(-22))/((-1)/2). Let t(u) = 11*u**2 - 3*u - 3. Is t(j) a composite number?
True
Let m = -4279 - -6838. Suppose -4*g = -g - m. Is g a composite number?
False
Let d = -22 + 7. Let n = d - -74. Is n a composite number?
False
Suppose -2*s = 2*s - 12. Let p(j) = -j**2 + 5*j - 3. Let c be p(s). Suppose -w = y - 433, -w - c*y - 2*y = -417. Is w composite?
True
Suppose 5*p - 3*p = 3*n - 4587, 4*n - 6105 = -p. Is n composite?
True
Suppose -2*s + 5044 = q - 7666, -s = -2*q - 6345. Is s prime?
True
Let i(k) = k**3 - 5*k**2 + 6*k - 1. Let t be i(5). Let w = t - -10. Is w a prime number?
False
Let h = -1070 + 6396. Is h a prime number?
False
Suppose -2*j + 2*l = -576, -4*l - 936 - 509 = -5*j. Suppose -3*k - 265 = -4*c, 3*c + 7*k = 3*k + 230. Suppose -j - c = -3*o. Is o composite?
True
Suppose -8*z + 14249 = -6095. Is z prime?
True
Suppose -21 = 2*o - 5*w, -o + 3*o - w = -1. Suppose 764 = o*d - 5*f, d + 4*d = f + 1910. Is d a prime number?
False
Let j(t) = -t**3 - 5*t**2 - 4*t + 5. Let l be j(-4). Suppose -2*v + 8 = c - 101, l*v + c = 280. Let k = v - 38. Is k prime?
True
Is (-11)/(121/(-44)) + 217 composite?
True
Suppose 20 + 4 = -3*p. Is (-6)/(-3)*(-4684)/p prime?
True
Let h = -71 - -278. Let b = 1738 + h. Is b a composite number?
True
Let d be 2/7 - (-92)/(-28). Is -3 + (3 - d) + 466 prime?
False
Suppose -3*g = 2*g - 90. Is 1145/3 - 12/g composite?
True
Suppose -3*q = 5*r - 1, r - 39 = -5*q + 2*r. Suppose q*t = 3*t + 1244. Suppose 0 = 2*v - t - 11. Is v prime?
False
Suppose -s + 3*s = 0. Suppose -2*z = -2*h - 176, 3*z + s*z + 5*h = 272. Is z a prime number?
True
Suppose 0 = -0*p - p + 2670. Suppose p = 4*g - 7*g. Is (-2)/(-3 - g/298) a composite number?
False
Suppose 23721 = -12*h + 103005. Is h a prime number?
True
Let q(g) = 51983*g - 12. Is q(1) a prime number?
True
Suppose 0 = 7*k - 0*k. Let j(m) = -m**3 + m + 161 + m**2 + k*m**2 + 18. Is j(0) prime?
True
Let y = -30 + 54. Suppose 4*j = 2*j + 4*u + y, 16 = -2*j - 4*u. Suppose -20 = 4*m, v + m - 220 = j*m. Is v composite?
True
Let d = -13 - -15. Let j be (-1)/d + (-50)/(-20). Suppose j*n = 4*n - 178. Is n a composite number?
False
Suppose -5*i + 23 = -4*g + 2*g, 4*g = -i - 35. Is (-14238)/g*2/4 a prime number?
False
Let f = 49611 - 25204. Let u = -17390 + f. Is u prime?
False
Suppose -d - 172 = -2*s - 1250, d - 1078 = -5*s. Let m = -507 + d. Is m a prime number?
True
Suppose 30 = 3*g - 0*g. Let u = 11 - g. Is -2*((-1366)/4 - u) prime?
False
Let i(z) = 12*z**2 - 13*z + 27. Is i(6) a prime number?
False
Suppose -a + 2*y = -4204, -3*a - 3*y + 12600 = -5*y. Is a a prime number?
False
Suppose 5*p - 1594 = 4*r, -5*p = -r - 2*r - 1598. Suppose -p = 9*k - 13*k - 2*d, -103 = -k + 4*d. Is k a composite number?
False
Let j(n) = 43 - 37 - 4*n + n**2 + 7*n - n. Is j(-4) a composite number?
True
Suppose 2*n - 29 = -5*b - 0, 2*b = -3*n + 27. Let k(q) = 12*q**3 - q**2 - 11*q - 7. Is k(n) prime?
False
Let l be 702/24*(-48)/(-9). Suppose 3*b + 3*b = l. Is b prime?
False
Is (-13322)/(-6) + -8*11/(-132) prime?
True
Let t be 2 - (45 + -1 + -2). Let h = 291 + t. Is h a prime number?
True
Suppose 0 = s - 3*s + 54. Suppose s*c - 43060 = 7*c. Is c a prime number?
True
Let r(d) = 4 + 17*d + 9*d - 6 + 21*d. Is r(5) a prime number?
True
Let n = 23 + -19. Suppose -n*g - 18 = -6, 0 = 5*o + 2*g - 24. Let j(r) = 112*r + 1. Is j(o) prime?
True
Let a be 9/((-6)/4 + 0). Let d = a + 14. Is 6/(d/(-188)*-1) a composite number?
True
Suppose 0 = 3*p + 629 - 6212. Is p a prime number?
True
Let n = 54892 + -38291. Is n a prime number?
False
Suppose m = -4*m + 1140. Let r(a) = a**3 + 3*a**2 - 4*a + 5. Let d be r(-4). Suppose 3*h - m = o + 2*o, 4*h = d*o + 301. Is h composite?
False
Let o(h) = h**2 + 22*h - 21. Let z be o(-23). Suppose 0 = -3*v + s + 800 + 1719, -z*v + 1686 = s. Is v composite?
True
Is -15 + 18 - 72/(-2 + 0) prime?
False
Let s be -5*(-3 - (-39)/15). Suppose a = -2*a - 3, 5*a + 5 = 2*g. Suppose -5*d + s*x = x - 188, g = 4*d + 2*x - 156. Is d composite?
True
Let k(x) be the second derivative of 3*x - 1/2*x**2 + 1/6*x**4 + 9/5*x**5 + 0 + 0*x**3. Is k(1) a prime number?
True
Let w = -69 - -75. Suppose -7*f + w*f + 3067 = 0. Is f prime?
True
Suppose 25503 = 5*n - 2*m, -5*n - 2*m = -5947 - 19540. Is n a prime number?
True
Let f = 860 - 594. Suppose 3*l - 2*h - 441 = -5*h, 2*l - f = 5*h. Is l a prime number?
False
Let m(v) = 61*v**2 + 45*v - 2. Is m(-9) a composite number?
True
Let i(u) = 1236*u + 811. Is i(58) composite?
True
Let w(z) = -2*z - 11*z + z**3 - 6 - 3*z**3 - 4*z**2 + 8*z**2. Is w(-7) p